{"id":17436,"date":"2023-07-14T10:15:20","date_gmt":"2023-07-14T09:15:20","guid":{"rendered":"https:\/\/www.paih.gov.pl\/bip\/?p=17436"},"modified":"2026-03-30T11:34:39","modified_gmt":"2026-03-30T09:34:39","slug":"klauzula-informacyjna","status":"publish","type":"page","link":"https:\/\/www.paih.gov.pl\/bip\/kontakt\/klauzula-informacyjna\/","title":{"rendered":"Klauzula informacyjna dotycz\u0105ca przetwarzania danych osobowych w zwi\u0105zku z udost\u0119pnieniem informacji publicznej w Biuletynie Informacji Publicznej"},"content":{"rendered":"\r\n<img decoding=\"async\" src=\"\/wp-content\/uploads\/sites\/3\/0\/128001\/128076.png\" border=\"0\" align=\"middle\"><hr align=\"justify\"><div align=\"justify\">Zgodnie z art. 13 ust. 1 i 2 Rozporz\u0105dzenia Parlamentu Europejskiego i Rady (UE) 2016\/679 z dnia 27 kwietnia 2016 r. w sprawie ochrony os\u00f3b fizycznych w zwi\u0105zku z przetwarzaniem danych osobowych i w sprawie swobodnego przep\u0142ywu takich danych oraz uchylenia dyrektywy 95\/46\/WE (og\u00f3lne rozporz\u0105dzenie o ochronie danych, (Dz.Urz.UE.L Nr 119, str. 1) (dalej &#8222;<b>RODO<\/b>&#8221;) informujemy \u017ce:<\/div><div align=\"justify\"><hr><\/div><div align=\"justify\"><b>1. Administrator danych<\/b><br>Administratorem Pani\/Pana danych osobowych jest Polska Agencja Inwestycji i Handlu S.A. (PAIH) z siedzib\u0105 w Warszawie, (adres: ul. Krucza 50, 00-025 Warszawa), wpisana do rejestru przedsi\u0119biorc\u00f3w Krajowego Rejestru S\u0105dowego przez S\u0105d Rejonowy dla m.st. Warszawy w Warszawie pod nr KRS 0000109815 (dalej &#8222;<b>Administrator<\/b>&#8221;). Z Administratorem mo\u017cna skontaktowa\u0107 si\u0119 za po\u015brednictwem formularza kontaktowego na stronie <b><a href=\"\/kontakt\">www.paih.gov.pl<\/a><\/b> lub przesy\u0142aj\u0105c e-mail na adres: <a href=\"mailto:iod@paih.gov.pl\"><b>iod@paih.gov.pl<\/b><\/a>, a tak\u017ce za po\u015brednictwem poczty tradycyjnej, pod wskazanym powy\u017cej adresem siedziby Administratora.<\/div><div align=\"justify\"><hr><\/div><div align=\"justify\"><b>2. Inspektor Ochrony Danych<\/b><br><\/div><div align=\"justify\">Osob\u0105 kontaktow\u0105 we wszelkich sprawach dotycz\u0105cych ochrony danych osobowych i przys\u0142uguj\u0105cych Pani\/Panu praw jest Inspektor Ochrony Danych. Z Inspektorem Ochrony Danych mo\u017cna skontaktowa\u0107 si\u0119, wysy\u0142aj\u0105c e-mail na adres: <a href=\"mailto:iod@paih.gov.pl\"><b>iod@paih.gov.pl<\/b><\/a> lub za po\u015brednictwem poczty tradycyjnej pod wskazanym powy\u017cej adresem siedziby Administratora z dopiskiem &#8222;Do Inspektora Ochrony Danych&#8221;.<\/div><div align=\"justify\"><hr><\/div><div align=\"justify\"><b>3. Cele i podstawy przetwarzania danych osobowych<\/b><br>Pani\/Pana dane osobowe przetwarzane s\u0105 w celu rozpatrzenia wniosku o dost\u0119p do informacji publicznej na podstawie przepis\u00f3w ustawy z dnia 06 wrze\u015bnia 2001 r. o dost\u0119pie do informacji publicznej oraz do wykonania zadania realizowanego w interesie publicznym lub w ramach sprawowania w\u0142adzy publicznej powierzonej administratorowi (art. 6 ust 1 lit. c, e RODO).<\/div><div align=\"justify\"><hr><\/div><div align=\"justify\"><b>4. Odbiorcy danych<\/b><br><\/div><div align=\"justify\">Odbiorcami Pani\/Pana danych osobowych mog\u0105 by\u0107 wy\u0142\u0105cznie podmioty i organy uprawnione do otrzymania Pani\/Pana danych osobowych na podstawie powszechnie obowi\u0105zuj\u0105cych przepis\u00f3w prawa.<\/div><div align=\"justify\"><hr><\/div><div align=\"justify\"><b>5. Okres przechowywania danych<\/b><br><\/div><div align=\"justify\">Pani\/Pana dane osobowe przetwarzane b\u0119d\u0105 przez okres niezb\u0119dny do realizacji wniosku oraz przechowywane przez okres wskazany w przepisach ustawy z dnia 14 lipca 1983 r. o narodowym zasobie archiwalnym i archiwach.<\/div><div align=\"justify\"><hr><\/div><div align=\"justify\"><b>6. Prawa os\u00f3b, kt\u00f3rych dane dotycz\u0105<\/b><br>Zgodnie z RODO przys\u0142uguje Pani\/Panu prawo do: dost\u0119pu do swoich danych, ich sprostowania, usuni\u0119cia, ograniczenia przetwarzania, przenoszenia danych, wniesienia sprzeciwu wobec przetwarzania danych, jak r\u00f3wnie\u017c prawo wniesienia skargi do Prezesa Urz\u0119du Ochrony Danych Osobowych. Prawa te przys\u0142uguj\u0105 Pani\/Panu w przypadkach i w zakresie przewidzianym przez powszechnie obowi\u0105zuj\u0105ce przepisy prawa.<\/div><div align=\"justify\"><hr><\/div><div align=\"justify\"><b>7. Informacja o wymogu\/dobrowolno\u015bci podania danych<\/b><br><\/div><div align=\"justify\">Podanie przez Pani\u0105\/a danych osobowych jest dobrowolne i poza danymi do kontaktu, niezb\u0119dnymi do udzielenia odpowiedzi w trybie dost\u0119pu do informacji publicznej, nie jest wymagane. Brak wskazania danych kontaktowych (adres, telefon lub e-mail), na kt\u00f3re ma zosta\u0107 udzielona informacja publiczna, uniemo\u017cliwi jej przekazanie.<\/div><div align=\"justify\"><hr><\/div><div align=\"justify\"><b>8. Informacja o zautomatyzowanym podejmowaniu decyzji, w tym profilowaniu<\/b><br><\/div><div align=\"justify\">W oparciu o Pani\/Pana dane osobowe, Administrator nie b\u0119dzie podejmowa\u0142 wobec Pani\/Pana zautomatyzowanych decyzji, w tym decyzji b\u0119d\u0105cej wynikiem profilowania.<\/div>\r\n","protected":false},"excerpt":{"rendered":"<p>Zgodnie z art. 13 ust. 1 i 2 Rozporz\u0105dzenia Parlamentu Europejskiego i Rady (UE) 2016\/679 z dnia 27 kwietnia 2016 r. w sprawie ochrony os\u00f3b fizycznych w zwi\u0105zku z przetwarzaniem danych osobowych i w sprawie swobodnego przep\u0142ywu takich danych oraz uchylenia dyrektywy 95\/46\/WE (og\u00f3lne rozporz\u0105dzenie o ochronie danych, (Dz.Urz.UE.L Nr 119, str. 1) (dalej &#8222;RODO&#8221;) [&hellip;]<\/p>\n","protected":false},"author":65,"featured_media":0,"parent":13133,"menu_order":0,"comment_status":"closed","ping_status":"open","template":"","meta":{"inline_featured_image":false,"_themeisle_gutenberg_block_has_review":false,"footnotes":"","_links_to":"","_links_to_target":""},"acf":[],"_links":{"self":[{"href":"https:\/\/www.paih.gov.pl\/bip\/wp-json\/wp\/v2\/pages\/17436"}],"collection":[{"href":"https:\/\/www.paih.gov.pl\/bip\/wp-json\/wp\/v2\/pages"}],"about":[{"href":"https:\/\/www.paih.gov.pl\/bip\/wp-json\/wp\/v2\/types\/page"}],"author":[{"embeddable":true,"href":"https:\/\/www.paih.gov.pl\/bip\/wp-json\/wp\/v2\/users\/65"}],"replies":[{"embeddable":true,"href":"https:\/\/www.paih.gov.pl\/bip\/wp-json\/wp\/v2\/comments?post=17436"}],"version-history":[{"count":3,"href":"https:\/\/www.paih.gov.pl\/bip\/wp-json\/wp\/v2\/pages\/17436\/revisions"}],"predecessor-version":[{"id":1000105,"href":"https:\/\/www.paih.gov.pl\/bip\/wp-json\/wp\/v2\/pages\/17436\/revisions\/1000105"}],"up":[{"embeddable":true,"href":"https:\/\/www.paih.gov.pl\/bip\/wp-json\/wp\/v2\/pages\/13133"}],"wp:attachment":[{"href":"https:\/\/www.paih.gov.pl\/bip\/wp-json\/wp\/v2\/media?parent=17436"}],"curies":[{"name":"wp","href":"https:\/\/api.w.org\/{rel}","templated":true}]}}