{"id":13598,"date":"2020-03-12T15:31:22","date_gmt":"2020-03-12T14:31:22","guid":{"rendered":"https:\/\/www.paih.gov.pl\/bip\/?p=13598"},"modified":"2026-03-30T11:34:39","modified_gmt":"2026-03-30T09:34:39","slug":"deklaracja-dostepnosci-bip","status":"publish","type":"page","link":"https:\/\/www.paih.gov.pl\/bip\/deklaracja-dostepnosci-bip\/","title":{"rendered":"Deklaracja dost\u0119pno\u015bci BIP"},"content":{"rendered":"\n<div align=\"justify\"><b>Nawigacja za pomoc\u0105 klawiatury<\/b><\/div><div align=\"justify\"><br><\/div><div align=\"justify\">Przegl\u0105darki internetowe umo\u017cliwiaj\u0105 przemieszczanie si\u0119 pomi\u0119dzy kolejnymi zak\u0142adkami na stronie internetowej za pomoc\u0105 przycisk\u00f3w nawigacyjnych umieszczonych na klawiaturze urz\u0105dzenia. U\u017cycie przycisku &#8222;Tab&#8221; umo\u017cliwia prze\u0142\u0105czanie zaznaczenia pomi\u0119dzy kolejnymi zak\u0142adkami, a przycisk &#8222;Enter&#8221; wyb\u00f3r konkretnej zak\u0142adki i przej\u015bcie na dan\u0105 podstron\u0119 w celu wy\u015bwietlenia jej zawarto\u015bci.<\/div><div align=\"justify\"><b><br><\/b><\/div><div align=\"justify\"><b>Wygl\u0105d<\/b><\/div><div align=\"justify\"><br><\/div><div align=\"justify\">Wygl\u0105d serwisu definiowany jest poprzez kaskadowe arkusze styl\u00f3w CSS. Semantyczna struktura kodu strony umo\u017cliwia pe\u0142ny dost\u0119p do tre\u015bci zawartych w serwisie, nawet po wy\u0142\u0105czeniu mo\u017cliwo\u015bci wczytywania arkuszy styl\u00f3w z poziomu przegl\u0105darki internetowej.<\/div><div align=\"justify\"><br><\/div><div align=\"justify\"><b>Tekst<\/b><\/div><div align=\"justify\"><br><\/div><div align=\"justify\">Rozmiar wy\u015bwietlanego w serwisie tekstu mo\u017ce by\u0107 swobodnie skalowany za pomoc\u0105 standardowych narz\u0119dzi przegl\u0105darek internetowych lub za pomoc\u0105 dw\u00f3ch ikon funkcyjnych znajduj\u0105cych si\u0119 na g\u00f3rnej belce w nag\u0142\u00f3wku strony internetowej.<\/div><div align=\"justify\"><br><\/div><div align=\"justify\"><b>Wersja kontrastowa (alternatywna)<\/b><\/div><div align=\"justify\"><br><\/div><div align=\"justify\">Serwis posiada wersj\u0119 kontrastow\u0105, zwan\u0105 r\u00f3wnie\u017c alternatywn\u0105. Wersja kontrastowa umo\u017cliwia wy\u015bwietlenie strony internetowej w formie tekstowej o zwi\u0119kszonym kontra\u015bcie w celu zapewnienia odpowiedniego standardu dost\u0119pno\u015bci. Prze\u0142\u0105czenie serwisu w tryb kontrastowy odbywa si\u0119 za pomoc\u0105 klikni\u0119cia w ikon\u0119 znajduj\u0105c\u0105 si\u0119 na g\u00f3rnej belce w nag\u0142\u00f3wku strony internetowej.<\/div><div align=\"justify\"><b><br><\/b><\/div><div align=\"justify\"><b>Teksty alternatywne<\/b><\/div><div align=\"justify\"><br><\/div><div align=\"justify\">Elementy graficzne, takie jak zdj\u0119cia czy obrazki, zamieszczone w serwisie posiadaj\u0105 swoje teksty alternatywne, czyli s\u0142owne opisy tych element\u00f3w wy\u015bwietlane podczas korzystania z serwisu w wersji kontrastowej (alternatywnej) w celu zapewnienia odpowiedniego standardu dost\u0119pno\u015bci.<\/div><div align=\"justify\"><b><br><\/b><\/div><div align=\"justify\"><b>Opisane cele element\u00f3w aktywnych<\/b><\/div><div align=\"justify\"><br><\/div><div align=\"justify\">Struktura serwisu posiada odpowiednio opisane cele element\u00f3w aktywnych, takich jak odno\u015bniki z wykluczeniem wyst\u0119powania dwuznaczno\u015bci, czyli zduplikowanych fraz prowadz\u0105cych do dw\u00f3ch, zupe\u0142nie r\u00f3\u017cnych tre\u015bci opublikowanych w serwisie.<\/div><div align=\"justify\"><br><\/div><div align=\"justify\"><b>Przystosowanie do wy\u015bwietlania na urz\u0105dzeniach przeno\u015bnych<\/b><\/div><div align=\"justify\"><br><\/div><div align=\"justify\">Serwis w pe\u0142ni automatycznie dostosowuje si\u0119 do ekran\u00f3w urz\u0105dze\u0144 przeno\u015bnych wyposa\u017conych w przegl\u0105darki internetowe, takich jak smartfony czy tablety, w celu poprawnego wy\u015bwietlania informacji oraz umo\u017cliwienia komfortowego nawigowania pomi\u0119dzy poszczeg\u00f3lnymi podstronami podczas korzystania z urz\u0105dze\u0144 przeno\u015bnych posiadaj\u0105cych dost\u0119p do Internetu.<br><\/div>\n","protected":false},"excerpt":{"rendered":"<p>Nawigacja za pomoc\u0105 klawiatury Przegl\u0105darki internetowe umo\u017cliwiaj\u0105 przemieszczanie si\u0119 pomi\u0119dzy kolejnymi zak\u0142adkami na stronie internetowej za pomoc\u0105 przycisk\u00f3w nawigacyjnych umieszczonych na klawiaturze urz\u0105dzenia. U\u017cycie przycisku &#8222;Tab&#8221; umo\u017cliwia prze\u0142\u0105czanie zaznaczenia pomi\u0119dzy kolejnymi zak\u0142adkami, a przycisk &#8222;Enter&#8221; wyb\u00f3r konkretnej zak\u0142adki i przej\u015bcie na dan\u0105 podstron\u0119 w celu wy\u015bwietlenia jej zawarto\u015bci. Wygl\u0105d Wygl\u0105d serwisu definiowany jest poprzez kaskadowe [&hellip;]<\/p>\n","protected":false},"author":65,"featured_media":0,"parent":0,"menu_order":0,"comment_status":"closed","ping_status":"open","template":"","meta":{"inline_featured_image":false,"_themeisle_gutenberg_block_has_review":false,"footnotes":"","_links_to":"","_links_to_target":""},"acf":[],"_links":{"self":[{"href":"https:\/\/www.paih.gov.pl\/bip\/wp-json\/wp\/v2\/pages\/13598"}],"collection":[{"href":"https:\/\/www.paih.gov.pl\/bip\/wp-json\/wp\/v2\/pages"}],"about":[{"href":"https:\/\/www.paih.gov.pl\/bip\/wp-json\/wp\/v2\/types\/page"}],"author":[{"embeddable":true,"href":"https:\/\/www.paih.gov.pl\/bip\/wp-json\/wp\/v2\/users\/65"}],"replies":[{"embeddable":true,"href":"https:\/\/www.paih.gov.pl\/bip\/wp-json\/wp\/v2\/comments?post=13598"}],"version-history":[{"count":4,"href":"https:\/\/www.paih.gov.pl\/bip\/wp-json\/wp\/v2\/pages\/13598\/revisions"}],"predecessor-version":[{"id":1000103,"href":"https:\/\/www.paih.gov.pl\/bip\/wp-json\/wp\/v2\/pages\/13598\/revisions\/1000103"}],"wp:attachment":[{"href":"https:\/\/www.paih.gov.pl\/bip\/wp-json\/wp\/v2\/media?parent=13598"}],"curies":[{"name":"wp","href":"https:\/\/api.w.org\/{rel}","templated":true}]}}