{"id":13465,"date":"2019-11-21T12:38:12","date_gmt":"2019-11-21T11:38:12","guid":{"rendered":"https:\/\/www.paih.gov.pl\/bip\/?p=13465"},"modified":"2026-03-27T16:06:45","modified_gmt":"2026-03-27T15:06:45","slug":"komunikaty","status":"publish","type":"page","link":"https:\/\/www.paih.gov.pl\/bip\/ogloszenia\/komunikaty\/","title":{"rendered":"Komunikaty"},"content":{"rendered":"\n<p align=\"justify\">W\u0142a\u015bcicielem 100% akcji Polskiej Agencji Inwestycji i Handlu S.A. jest Skarb Pa\u0144stwa, reprezentowany przez Ministra Rozwoju i Technologii. Rejestr akcjonariuszy Sp\u00f3\u0142ki prowadzi sp\u00f3\u0142ka pod nazw\u0105 Powszechna Kasa Oszcz\u0119dno\u015bci Bank Polski S.A. Oddzia\u0142 &#8211; Biuro Maklerskie w Warszawie z siedzib\u0105 w Warszawie.<\/p><hr>\n\n\n<p align=\"center\"><b>Og\u0142oszenie o uniewa\u017cnieniu dokument\u00f3w<\/b><br><\/p><p align=\"justify\"><b>Og\u0142oszenie o uniewa\u017cnieniu dokument\u00f3w 88160 akcji imiennych serii A, 3000 akcji imiennych serii B, 107020 akcji imiennych serii C, 20000 akcji imiennych serii D, 1000000 akcji imiennych serii F, 159000 akcji imiennych serii E, 2886 akcji imiennych serii G Sp\u00f3\u0142ki Polska Agencja Inwestycji i Handlu S.A. z siedzib\u0105 w Warszawie (PAIH S.A.).<\/b><br>&nbsp;<br>Zarz\u0105d PAIH S.A. zawiadamia o powzi\u0119ciu przez Zarz\u0105d w dniu 12.02.2021 r. uchwa\u0142y nr 5\/V\/2021 w przedmiocie uniewa\u017cnienia wszystkich dokument\u00f3w akcji imiennych serii A, B, C, D, F, E, G oraz wydania nowych odcink\u00f3w zbiorowych akcji tych serii. Zarz\u0105d PAIH S.A. zawiadamia, \u017ce zosta\u0142y uniewa\u017cnione wszystkie dokumenty akcji imiennych, obejmuj\u0105ce:<br><\/p><ol><li>88160 akcji imiennych serii A o nr od 000000001 do 000088160;<\/li><li>3000 akcji imiennych serii B o nr od 000000001 do 000003000;<\/li><li>107020 akcji imiennych serii C o nr od 000000001 do 000107020;<\/li><li>20000 akcji imiennych serii D o nr od 000000001 do 000020000;<\/li><li>1000000 akcji imiennych serii F o nr 000000001 do 001000000;<\/li><li>159000 akcji imiennych serii E o nr 000000001 do 000159000;<\/li><li>2886 akcji imiennych serii G o nr 000000001 do 000002886.<\/li><\/ol><p align=\"justify\">W miejsce uniewa\u017cnionych dokument\u00f3w akcji, zosta\u0142y wydane nowe odcinki zborowe akcji imiennych obejmuj\u0105ce:<br><\/p><ol><li>88160 akcji imiennych serii A o nr od 000000001 do 000088160;<\/li><li>3000 akcji imiennych serii B o nr od 000000001 do 000003000;<\/li><li>107020 akcji imiennych serii C o nr od 000000001 do 000107020;<\/li><li>20000 akcji imiennych serii D o nr od 000000001 do 000020000;<\/li><li>1000000 akcji imiennych serii F o nr 000000001 do 001000000;<\/li><li>159000 akcji imiennych serii E o nr 000000001 do 000159000;<\/li><li>2886 akcji imiennych serii G o nr 000000001 do 000002886.<\/li><\/ol>\n<hr>\n\n<p align=\"center\"><b>Wezwanie do z\u0142o\u017cenia dokument\u00f3w akcji<\/b><br><\/p><p align=\"justify\">Sp\u00f3\u0142ka Polska Agencja Inwestycji i Handlu S.A. z siedzib\u0105 w Warszawie (dalej Sp\u00f3\u0142ka), stosowanie do tre\u015bci art. 16 ustawy z dnia 30 sierpnia 2019 roku o zmianie ustawy &#8211; Kodeks sp\u00f3\u0142ek handlowych oraz niekt\u00f3rych innych ustaw (t.j. Dz.U. z 2019 r. poz. 1798 z p\u00f3\u017an. zm.) wzywa Prezesa Rady Ministr\u00f3w jako uprawnionego do wykonywania praw z akcji Skarbu Pa\u0144stwa &#8211; jedynego Akcjonariusza Sp\u00f3\u0142ki, do z\u0142o\u017cenia posiadanych dokument\u00f3w akcji w formie papierowej, w celu ich dematerializacji.<br><br>Dokumenty akcji nale\u017cy sk\u0142ada\u0107 w siedzibie Sp\u00f3\u0142ki mieszcz\u0105cej si\u0119 w Warszawie, przy ul. Krucza 50, od poniedzia\u0142ku do pi\u0105tku w godzinach 8:00-16:00.<br><br>Z\u0142o\u017cenie dokument\u00f3w akcji w Sp\u00f3\u0142ce zostanie potwierdzone pisemnym pokwitowaniem wydanym Akcjonariuszowi.<br><\/p><hr>\n<p style=\"text-align: center;\"><strong>Plik do pobrania:<\/strong><\/p>\n","protected":false},"excerpt":{"rendered":"<p>W\u0142a\u015bcicielem 100% akcji Polskiej Agencji Inwestycji i Handlu S.A. jest Skarb Pa\u0144stwa, reprezentowany przez Ministra Rozwoju i Technologii. Rejestr akcjonariuszy Sp\u00f3\u0142ki prowadzi sp\u00f3\u0142ka pod nazw\u0105 Powszechna Kasa Oszcz\u0119dno\u015bci Bank Polski S.A. Oddzia\u0142 &#8211; Biuro Maklerskie w Warszawie z siedzib\u0105 w Warszawie. Og\u0142oszenie o uniewa\u017cnieniu dokument\u00f3w Og\u0142oszenie o uniewa\u017cnieniu dokument\u00f3w 88160 akcji imiennych serii A, 3000 [&hellip;]<\/p>\n","protected":false},"author":65,"featured_media":0,"parent":13464,"menu_order":0,"comment_status":"closed","ping_status":"open","template":"","meta":{"inline_featured_image":false,"_themeisle_gutenberg_block_has_review":false,"footnotes":"","_links_to":"","_links_to_target":""},"acf":[],"_links":{"self":[{"href":"https:\/\/www.paih.gov.pl\/bip\/wp-json\/wp\/v2\/pages\/13465"}],"collection":[{"href":"https:\/\/www.paih.gov.pl\/bip\/wp-json\/wp\/v2\/pages"}],"about":[{"href":"https:\/\/www.paih.gov.pl\/bip\/wp-json\/wp\/v2\/types\/page"}],"author":[{"embeddable":true,"href":"https:\/\/www.paih.gov.pl\/bip\/wp-json\/wp\/v2\/users\/65"}],"replies":[{"embeddable":true,"href":"https:\/\/www.paih.gov.pl\/bip\/wp-json\/wp\/v2\/comments?post=13465"}],"version-history":[{"count":16,"href":"https:\/\/www.paih.gov.pl\/bip\/wp-json\/wp\/v2\/pages\/13465\/revisions"}],"predecessor-version":[{"id":1000143,"href":"https:\/\/www.paih.gov.pl\/bip\/wp-json\/wp\/v2\/pages\/13465\/revisions\/1000143"}],"up":[{"embeddable":true,"href":"https:\/\/www.paih.gov.pl\/bip\/wp-json\/wp\/v2\/pages\/13464"}],"wp:attachment":[{"href":"https:\/\/www.paih.gov.pl\/bip\/wp-json\/wp\/v2\/media?parent=13465"}],"curies":[{"name":"wp","href":"https:\/\/api.w.org\/{rel}","templated":true}]}}