{"id":13462,"date":"2019-11-21T12:32:31","date_gmt":"2019-11-21T11:32:31","guid":{"rendered":"https:\/\/www.paih.gov.pl\/bip\/?p=13462"},"modified":"2026-03-30T11:34:39","modified_gmt":"2026-03-30T09:34:39","slug":"walne-zgromadzenie","status":"publish","type":"page","link":"https:\/\/www.paih.gov.pl\/bip\/organy\/walne-zgromadzenie\/","title":{"rendered":"Walne Zgromadzenie"},"content":{"rendered":"\n<div align=\"justify\">Kapita\u0142 zak\u0142adowy wynosi 191 937 969,63 z\u0142 (wp\u0142acony w ca\u0142o\u015bci).<br><\/div><div align=\"justify\"><br><\/div><div align=\"justify\">W\u0142a\u015bcicielem 100% akcji <b>Polskiej Agencji Inwestycji i Handlu S.A. <\/b>jest Skarb Pa\u0144stwa.<\/div><div align=\"justify\"><br><\/div><div align=\"justify\"><b>Do kompetencji Walnego\r\nZgromadzenia nale\u017cy:<\/b><\/div><div align=\"justify\"><ol><li>rozpatrzenie i zatwierdzenie sprawozdania Zarz\u0105du z dzia\u0142alno\u015bci Agencji oraz sprawozdania finansowego za ubieg\u0142y rok obrotowy,<\/li><li>podzia\u0142 zysku lub pokrycie straty,<\/li><li>rozpatrzenie i zatwierdzenie sprawozdania z dzia\u0142alno\u015bci Rady Nadzorczej,<\/li><li>udzielenie cz\u0142onkom Rady Nadzorczej i Zarz\u0105du absolutorium z wykonania przez nich obowi\u0105zk\u00f3w,<\/li><li>okre\u015blenie dnia dywidendy oraz terminu wyp\u0142aty dywidendy,<\/li><li>zbycie i wydzier\u017cawienie przedsi\u0119biorstwa lub jego zorganizowanej cz\u0119\u015bci oraz ustanowienie na nich ograniczonego prawa rzeczowego,<\/li><li>zmiana Statutu,<\/li><li>podwy\u017cszenie lub obni\u017cenie kapita\u0142u zak\u0142adowego,<\/li><li>emisja obligacji, obligacji zamiennych lub z prawem pierwsze\u0144stwa obj\u0119cia akcji oraz emisja warrant\u00f3w subskrypcyjnych,<\/li><li>umorzenie akcji i okre\u015blenie warunk\u00f3w tego umorzenia,<\/li><li>po\u0142\u0105czenie, przekszta\u0142cenie, podzia\u0142, rozwi\u0105zanie i likwidacja Agencji,<\/li><li>zawi\u0105zanie przez Agencj\u0119 innej sp\u00f3\u0142ki, utworzenie sp\u00f3\u0142ki europejskiej, przekszta\u0142cenie w tak\u0105 sp\u00f3\u0142k\u0119 lub przyst\u0105pienie do niej,<\/li><li>tworzenie i znoszenie funduszy specjalnych,<\/li><li>powo\u0142ywanie i odwo\u0142ywanie cz\u0142onk\u00f3w Rady Nadzorczej,<\/li><li>ustalanie zasad kszta\u0142towania i wysoko\u015bci wynagrodze\u0144 cz\u0142onk\u00f3w Rady Nadzorczej,<\/li><li>ustalanie zasad kszta\u0142towania i wysoko\u015bci wynagrodze\u0144 cz\u0142onk\u00f3w Zarz\u0105du,<\/li><li>rozporz\u0105dzanie sk\u0142adnikami aktyw\u00f3w trwa\u0142ych w rozumieniu ustawy z dnia 29 wrze\u015bnia 1994 r. o rachunkowo\u015bci zaliczanymi do warto\u015bci niematerialnych i prawnych, rzeczowych aktyw\u00f3w trwa\u0142ych lub inwestycji d\u0142ugoterminowych w tym wniesienie jako wk\u0142adu do sp\u00f3\u0142ki lub sp\u00f3\u0142dzielni, je\u017celi warto\u015b\u0107 rynkowa tych sk\u0142adnik\u00f3w przekracza 5% sumy aktyw\u00f3w w rozumieniu ustawy z dnia 29 wrze\u015bnia 1994 r. o rachunkowo\u015bci, ustalonych na podstawie ostatniego zatwierdzonego sprawozdania finansowego, a tak\u017ce oddanie tych sk\u0142adnik\u00f3w do korzystania innemu podmiotowi, na okres d\u0142u\u017cszy ni\u017c 180 dni w roku kalendarzowym, na podstawie czynno\u015bci prawnej, je\u017celi warto\u015b\u0107 rynkowa przedmiotu czynno\u015bci prawnej przekracza 5% sumy aktyw\u00f3w, przy czym, oddanie do korzystania w przypadku:<br>a) um\u00f3w najmu, dzier\u017cawy i innych um\u00f3w o oddanie sk\u0142adnika maj\u0105tkowego do odp\u0142atnego korzystania innym podmiotom &#8211; przez warto\u015b\u0107 rynkow\u0105 przedmiotu czynno\u015bci prawnej rozumie si\u0119 warto\u015b\u0107 \u015bwiadcze\u0144 za:<br>&#8211; ca\u0142y czas obowi\u0105zywania umowy &#8211; w przypadku um\u00f3w zawieranych na czas oznaczony.<br>b) um\u00f3w u\u017cyczenia i innych nieodp\u0142atnych um\u00f3w o oddanie sk\u0142adnika maj\u0105tkowego do korzystania innym podmiotom &#8211; przez warto\u015b\u0107 rynkow\u0105 przedmiotu czynno\u015bci prawnej rozumie si\u0119 r\u00f3wnowarto\u015b\u0107 \u015bwiadcze\u0144, jakie przys\u0142ugiwa\u0142oby w razie zawarcia umowy najmu lub dzier\u017cawy, za:<br>&#8211; rok &#8211; je\u017celi oddanie sk\u0142adnika maj\u0105tkowego nast\u0105pi na podstawie umowy zawieranej na czas nieoznaczony,<br>&#8211; ca\u0142y czas obowi\u0105zywania umowy &#8211; w przypadku um\u00f3w zawartych na czas oznaczony,<\/li><li>nabycie sk\u0142adnik\u00f3w aktyw\u00f3w trwa\u0142ych w rozumieniu ustawy z dnia 29 wrze\u015bnia 1994 r. o rachunkowo\u015bci, o warto\u015bci przekraczaj\u0105cej:<br>a) 100.000.000 z\u0142 lub<br>b) warto\u015bci 5% sumy aktyw\u00f3w w rozumieniu ustawy z dnia 29 wrze\u015bnia 1994 r. o rachunkowo\u015bci, ustalonych na podstawie ostatniego zatwierdzonego sprawozdania finansowego,<\/li><li>obj\u0119cie albo nabycie akcji innej sp\u00f3\u0142ki o warto\u015bci przekraczaj\u0105cej:<br>a) 100.000.000 z\u0142 lub<br>b) warto\u015b\u0107 10% sumy aktyw\u00f3w w rozumieniu ustawy z dnia 29 wrze\u015bnia 1994 r. o rachunkowo\u015bci, ustalonych na podstawie ostatniego zatwierdzonego sprawozdania finansowego,<\/li><li>zbycie akcji innej sp\u00f3\u0142ki o warto\u015bci rynkowej przekraczaj\u0105cej:<br>a) 100.000.000 z\u0142 lub<br>b) warto\u015b\u0107 10% sumy aktyw\u00f3w w rozumieniu ustawy z dnia 29 wrze\u015bnia 1994 r. o rachunkowo\u015bci, ustalonych na podstawie ostatniego zatwierdzonego sprawozdania finansowego.<\/li><\/ol>\r\n\r\n<!--[if gte mso 9]><xml>\r\n\r\n\r\n\r\n<\/xml><![endif]--><!--[if gte mso 9]><xml>\r\n\r\nNormal\r\n0\r\n\r\n\r\n21\r\n\r\n\r\nfalse\r\nfalse\r\nfalse\r\n\r\nPL\r\nX-NONE\r\nX-NONE\r\n\r\n\r\n\r\n\r\n\r\n\r\n\r\n\r\n\r\n\r\n\r\n\r\n\r\n\r\n\r\n\r\n\r\n\r\n\r\n\r\n\r\n\r\n\r\n\r\n<\/xml><![endif]--><!--[if gte mso 9]><xml>\r\n\r\n\r\n\r\n\r\n\r\n\r\n\r\n\r\n\r\n\r\n\r\n\r\n\r\n\r\n\r\n\r\n\r\n\r\n\r\n\r\n\r\n\r\n\r\n\r\n\r\n\r\n\r\n\r\n\r\n\r\n\r\n\r\n\r\n\r\n\r\n\r\n\r\n\r\n\r\n\r\n\r\n\r\n\r\n\r\n\r\n\r\n\r\n\r\n\r\n\r\n\r\n\r\n\r\n\r\n\r\n\r\n\r\n\r\n\r\n\r\n\r\n\r\n\r\n\r\n\r\n\r\n\r\n\r\n\r\n\r\n\r\n\r\n\r\n\r\n\r\n\r\n\r\n\r\n\r\n\r\n\r\n\r\n\r\n\r\n\r\n\r\n\r\n\r\n\r\n\r\n\r\n\r\n\r\n\r\n\r\n\r\n\r\n\r\n\r\n\r\n\r\n\r\n\r\n\r\n\r\n\r\n\r\n\r\n\r\n\r\n\r\n\r\n\r\n\r\n\r\n\r\n\r\n\r\n\r\n\r\n\r\n\r\n\r\n\r\n\r\n\r\n\r\n\r\n\r\n\r\n\r\n\r\n\r\n\r\n\r\n\r\n\r\n\r\n\r\n\r\n\r\n\r\n\r\n\r\n\r\n\r\n\r\n\r\n\r\n\r\n\r\n\r\n\r\n\r\n\r\n\r\n\r\n\r\n\r\n\r\n\r\n\r\n\r\n\r\n\r\n\r\n\r\n\r\n\r\n\r\n\r\n\r\n\r\n\r\n\r\n\r\n\r\n\r\n\r\n\r\n\r\n\r\n\r\n\r\n\r\n\r\n\r\n\r\n\r\n\r\n\r\n\r\n\r\n\r\n\r\n\r\n\r\n\r\n\r\n\r\n\r\n\r\n\r\n\r\n\r\n\r\n\r\n\r\n\r\n\r\n\r\n\r\n\r\n\r\n\r\n\r\n\r\n\r\n\r\n\r\n\r\n\r\n\r\n\r\n\r\n\r\n\r\n\r\n\r\n\r\n\r\n\r\n\r\n\r\n\r\n\r\n\r\n\r\n\r\n\r\n\r\n\r\n\r\n\r\n\r\n\r\n\r\n\r\n\r\n\r\n\r\n\r\n\r\n\r\n\r\n\r\n\r\n\r\n\r\n\r\n\r\n\r\n\r\n\r\n\r\n\r\n\r\n\r\n\r\n\r\n\r\n\r\n\r\n\r\n\r\n\r\n\r\n\r\n\r\n\r\n\r\n\r\n\r\n\r\n\r\n\r\n\r\n\r\n\r\n\r\n\r\n\r\n\r\n\r\n\r\n\r\n\r\n\r\n\r\n\r\n\r\n\r\n\r\n\r\n\r\n\r\n\r\n\r\n\r\n\r\n\r\n\r\n\r\n\r\n\r\n\r\n\r\n\r\n\r\n\r\n\r\n\r\n\r\n\r\n\r\n\r\n\r\n\r\n\r\n\r\n\r\n\r\n\r\n\r\n\r\n\r\n\r\n\r\n\r\n\r\n\r\n\r\n\r\n\r\n\r\n\r\n\r\n\r\n\r\n\r\n\r\n\r\n\r\n\r\n\r\n\r\n\r\n\r\n\r\n\r\n\r\n\r\n\r\n\r\n\r\n\r\n\r\n\r\n\r\n\r\n\r\n\r\n\r\n\r\n\r\n\r\n\r\n\r\n<\/xml><![endif]--><!--[if gte mso 10]>\r\n<style>\r\n\/* Style Definitions *\/\r\ntable.MsoNormalTable\r\n{mso-style-name:Standardowy;\r\nmso-tstyle-rowband-size:0;\r\nmso-tstyle-colband-size:0;\r\nmso-style-noshow:yes;\r\nmso-style-priority:99;\r\nmso-style-parent:\"\";\r\nmso-padding-alt:0cm 5.4pt 0cm 5.4pt;\r\nmso-para-margin-top:0cm;\r\nmso-para-margin-right:0cm;\r\nmso-para-margin-bottom:8.0pt;\r\nmso-para-margin-left:0cm;\r\nline-height:107%;\r\nmso-pagination:widow-orphan;\r\nfont-size:11.0pt;\r\nfont-family:\"Calibri\",sans-serif;\r\nmso-ascii-font-family:Calibri;\r\nmso-ascii-theme-font:minor-latin;\r\nmso-hansi-font-family:Calibri;\r\nmso-hansi-theme-font:minor-latin;\r\nmso-bidi-font-family:\"Times New Roman\";\r\nmso-bidi-theme-font:minor-bidi;\r\nmso-fareast-language:EN-US;}\r\n<\/style>\r\n<![endif]--><\/div>\n","protected":false},"excerpt":{"rendered":"<p>Kapita\u0142 zak\u0142adowy wynosi 191 937 969,63 z\u0142 (wp\u0142acony w ca\u0142o\u015bci). W\u0142a\u015bcicielem 100% akcji Polskiej Agencji Inwestycji i Handlu S.A. jest Skarb Pa\u0144stwa. Do kompetencji Walnego Zgromadzenia nale\u017cy: rozpatrzenie i zatwierdzenie sprawozdania Zarz\u0105du z dzia\u0142alno\u015bci Agencji oraz sprawozdania finansowego za ubieg\u0142y rok obrotowy, podzia\u0142 zysku lub pokrycie straty, rozpatrzenie i zatwierdzenie sprawozdania z dzia\u0142alno\u015bci Rady Nadzorczej, [&hellip;]<\/p>\n","protected":false},"author":65,"featured_media":0,"parent":13459,"menu_order":0,"comment_status":"closed","ping_status":"open","template":"","meta":{"inline_featured_image":false,"_themeisle_gutenberg_block_has_review":false,"footnotes":"","_links_to":"","_links_to_target":""},"acf":[],"_links":{"self":[{"href":"https:\/\/www.paih.gov.pl\/bip\/wp-json\/wp\/v2\/pages\/13462"}],"collection":[{"href":"https:\/\/www.paih.gov.pl\/bip\/wp-json\/wp\/v2\/pages"}],"about":[{"href":"https:\/\/www.paih.gov.pl\/bip\/wp-json\/wp\/v2\/types\/page"}],"author":[{"embeddable":true,"href":"https:\/\/www.paih.gov.pl\/bip\/wp-json\/wp\/v2\/users\/65"}],"replies":[{"embeddable":true,"href":"https:\/\/www.paih.gov.pl\/bip\/wp-json\/wp\/v2\/comments?post=13462"}],"version-history":[{"count":17,"href":"https:\/\/www.paih.gov.pl\/bip\/wp-json\/wp\/v2\/pages\/13462\/revisions"}],"predecessor-version":[{"id":1000131,"href":"https:\/\/www.paih.gov.pl\/bip\/wp-json\/wp\/v2\/pages\/13462\/revisions\/1000131"}],"up":[{"embeddable":true,"href":"https:\/\/www.paih.gov.pl\/bip\/wp-json\/wp\/v2\/pages\/13459"}],"wp:attachment":[{"href":"https:\/\/www.paih.gov.pl\/bip\/wp-json\/wp\/v2\/media?parent=13462"}],"curies":[{"name":"wp","href":"https:\/\/api.w.org\/{rel}","templated":true}]}}