{"id":13133,"date":"2019-05-28T12:33:54","date_gmt":"2019-05-28T11:33:54","guid":{"rendered":"https:\/\/www.paih.gov.pl\/bip\/?p=13133"},"modified":"2026-03-27T15:24:38","modified_gmt":"2026-03-27T14:24:38","slug":"kontakt","status":"publish","type":"page","link":"https:\/\/www.paih.gov.pl\/bip\/kontakt\/","title":{"rendered":"Kontakt"},"content":{"rendered":"\n<div align=\"justify\"><div><b>Polska Agencja Inwestycji i Handlu S.A.<\/b><br><\/div><div>ul. Krucza 50<br><\/div><div>00-025 Warszawa<\/div><div><a href=\"\/pl\" target=\"_blank\" rel=\"noopener\">www.paih.gov.pl<\/a><\/div><div><br><\/div><div>ePUAP: PAIH_SA_<\/div><\/div><div align=\"justify\"><br><\/div><div align=\"justify\">Kontakt z Agencj\u0105 jest mo\u017cliwy tak\u017ce za pomoc\u0105 <a href=\"\/kontakt\" target=\"_blank\" rel=\"noopener\">formularza kontaktowego<\/a>.<br><\/div><div align=\"justify\"><b><br><\/b><\/div><div align=\"justify\"><b>Dost\u0119p do informacji nie og\u0142oszonych w BIP<\/b><\/div><div align=\"justify\"><br><\/div><div align=\"justify\">Informacje publiczne, kt\u00f3re nie zosta\u0142y zamieszczone w Biuletynie Informacji Publicznej, a tak\u017ce nie zosta\u0142y udost\u0119pnione w drodze wy\u0142o\u017cenia lub wywieszenia, udost\u0119pniane s\u0105 wszystkim zainteresowanym na wniosek.<\/div><div align=\"justify\"><br><\/div><div align=\"justify\">Wnioski o udost\u0119pnienie informacji publicznej nale\u017cy kierowa\u0107 pisemnie na adres Agencji lub na adres e-mail: <a href=\"mailto:bip@paih.gov.pl\">bip@paih.gov.pl<\/a>.<br><\/div><div align=\"justify\"><br><\/div><div align=\"justify\"><b>Redakcja<\/b><\/div><ul><li><b>Adres redakcji:<\/b><br>Polska Agencja Inwestycji i Handlu S.A.<br>ul. Krucza 50<br>00-025 Warszawa<br>e-mail: <a href=\"mailto:bip@paih.gov.pl\">bip@paih.gov.pl<\/a><\/li><\/ul><br><div align=\"justify\"><a href=\"\/bip\/kontakt\/klauzula_informacyjna\"><b>Klauzula\r\ninformacyjna dotycz\u0105ca przetwarzania danych osobowych w zwi\u0105zku z\r\nudost\u0119pnieniem informacji publicznej w Biuletynie Informacji Publicznej &#187;<\/b><\/a><\/div>\n","protected":false},"excerpt":{"rendered":"<p>Polska Agencja Inwestycji i Handlu S.A. ul. Krucza 50 00-025 Warszawa www.paih.gov.pl ePUAP: PAIH_SA_ Kontakt z Agencj\u0105 jest mo\u017cliwy tak\u017ce za pomoc\u0105 formularza kontaktowego. Dost\u0119p do informacji nie og\u0142oszonych w BIP Informacje publiczne, kt\u00f3re nie zosta\u0142y zamieszczone w Biuletynie Informacji Publicznej, a tak\u017ce nie zosta\u0142y udost\u0119pnione w drodze wy\u0142o\u017cenia lub wywieszenia, udost\u0119pniane s\u0105 wszystkim zainteresowanym [&hellip;]<\/p>\n","protected":false},"author":62,"featured_media":0,"parent":0,"menu_order":0,"comment_status":"closed","ping_status":"open","template":"","meta":{"inline_featured_image":false,"_themeisle_gutenberg_block_has_review":false,"footnotes":"","_links_to":"","_links_to_target":""},"acf":[],"_links":{"self":[{"href":"https:\/\/www.paih.gov.pl\/bip\/wp-json\/wp\/v2\/pages\/13133"}],"collection":[{"href":"https:\/\/www.paih.gov.pl\/bip\/wp-json\/wp\/v2\/pages"}],"about":[{"href":"https:\/\/www.paih.gov.pl\/bip\/wp-json\/wp\/v2\/types\/page"}],"author":[{"embeddable":true,"href":"https:\/\/www.paih.gov.pl\/bip\/wp-json\/wp\/v2\/users\/62"}],"replies":[{"embeddable":true,"href":"https:\/\/www.paih.gov.pl\/bip\/wp-json\/wp\/v2\/comments?post=13133"}],"version-history":[{"count":25,"href":"https:\/\/www.paih.gov.pl\/bip\/wp-json\/wp\/v2\/pages\/13133\/revisions"}],"predecessor-version":[{"id":1000099,"href":"https:\/\/www.paih.gov.pl\/bip\/wp-json\/wp\/v2\/pages\/13133\/revisions\/1000099"}],"wp:attachment":[{"href":"https:\/\/www.paih.gov.pl\/bip\/wp-json\/wp\/v2\/media?parent=13133"}],"curies":[{"name":"wp","href":"https:\/\/api.w.org\/{rel}","templated":true}]}}